9
List the prime factors of 159062151.
3, 53020717
List the prime factors of 2479297511.
41, 60470671
What are the prime factors of 4155754850?
2, 5, 13, 6393469
What are the prime factors of 63447172?
2, 41, 263, 1471
What are the prime factors of 385581498?
2, 3, 229, 280627
List the prime factors of 142334889.
3, 73, 347, 1873
What are the prime factors of 33581271?
3, 67, 167071
List the prime factors of 3041991726.
2, 3, 6047, 83843
What are the prime factors of 30404784?
2, 3, 43, 14731
List the prime factors of 788705548.
2, 17, 11598611
What are the prime factors of 22114588?
2, 29, 311, 613
List the prime factors of 50050329.
3, 7, 17, 140197
List the prime factors of 102476075.
5, 13, 71, 4441
List the prime factors of 426382136.
2, 487, 109441
What are the prime factors of 11274834?
2, 3, 523, 3593
List the prime factors of 89170812.
2, 3, 2476967
List the prime factors of 73105851.
3, 7, 13, 20599
What are the prime factors of 597527332?
2, 283, 527851
What are the prime factors of 952691?
952691
What are the prime factors of 3592184503?
3592184503
What are the prime factors of 6569605415?
5, 887, 1481309
List the prime factors of 348830277.
3, 641, 181399
List the prime factors of 3427470.
2, 3, 5, 38083
List the prime factors of 70456231.
43, 683, 2399
What are the prime factors of 6480974807?
47, 2659, 51859
What are the prime factors of 121280970?
2, 3, 5, 359, 11261
What are the prime factors of 4406552?
2, 37, 14887
List the prime factors of 1819792945.
5, 12487, 29147
What are the prime factors of 44902819?
13, 53, 65171
List the prime factors of 525345868.
2, 131336467
What are the prime factors of 46591959?
3, 659, 23567
What are the prime factors of 3881918284?
2, 131, 7408241
List the prime factors of 143111742.
2, 3, 23851957
List the prime factors of 559161350.
2, 5, 11, 47, 97, 223
What are the prime factors of 4945415188?
2, 7, 176621971
List the prime factors of 3285048027.
3, 1095016009
List the prime factors of 105878027.
2677, 39551
What are the prime factors of 145356329?
145356329
List the prime factors of 29199195.
3, 5, 648871
List the prime factors of 1525235012.
2, 7, 3461, 15739
What are the prime factors of 3351412157?
25339, 132263
What are the prime factors of 157723820?
2, 5, 7886191
List the prime factors of 2022688679.
11, 17, 163, 66359
List the prime factors of 42474995.
5, 29, 53, 5527
List the prime factors of 7684750578.
2, 3, 1280791763
List the prime factors of 14827212.
2, 3, 45763
List the prime factors of 310093533.
3, 89, 101, 3833
List the prime factors of 1823370431.
31, 58818401
List the prime factors of 40944781.
29, 1411889
List the prime factors of 760298914.
2, 5479, 69383
What are the prime factors of 550632587?
43, 89, 143881
What are the prime factors of 1029362961?
3, 11, 31192817
List the prime factors of 68035025.
5, 2721401
List the prime factors of 548880416.
2, 7, 293, 8363
List the prime factors of 145176084.
2, 3, 43, 727
List the prime factors of 35775474.
2, 3, 7, 851797
What are the prime factors of 135227994?
2, 3, 11, 23, 89083
What are the prime factors of 13206806?
2, 31, 277, 769
What are the prime factors of 15866335?
5, 29, 109423
List the prime factors of 10496759.
7, 13, 19, 467
List the prime factors of 2646544784.
2, 13, 419, 30367
List the prime factors of 111447736.
2, 191, 72937
What are the prime factors of 14973903?
3, 7, 8803
What are the prime factors of 67997032?
2, 8499629
What are the prime factors of 102168879?
3, 2357, 14449
What are the prime factors of 1054088315?
5, 7, 17, 109, 16253
What are the prime factors of 431956803?
3, 143985601
What are the prime factors of 807663157?
7, 115380451
What are the prime factors of 359697523?
5531, 65033
What are the prime factors of 55907384?
2, 13, 31, 17341
List the prime factors of 280017737.
14737, 19001
What are the prime factors of 303672464?
2, 1699, 11171
What are the prime factors of 72651257?
7, 10378751
What are the prime factors of 1086899116?
2, 307, 885097
List the prime factors of 29744883.
3, 7, 17, 27773
What are the prime factors of 571510133?
1303, 438611
List the prime factors of 8301702.
2, 3, 67, 107, 193
List the prime factors of 183597692.
2, 45899423
What are the prime factors of 17264776?
2, 2158097
What are the prime factors of 5351044440?
2, 3, 5, 7, 17, 61, 6143
What are the prime factors of 408350925?
3, 5, 113, 16061
List the prime factors of 640641824.
2, 59, 339323
What are the prime factors of 13175571?
3, 4391857
List the prime factors of 946633795.
5, 53, 3572203
List the prime factors of 65378034.
2, 3, 47, 77279
List the prime factors of 214062284.
2, 19, 293, 9613
What are the prime factors of 1006317551?
23, 43752937
List the prime factors of 144915714.
2, 3, 8050873
List the prime factors of 60971838.
2, 3, 41, 247853
List the prime factors of 483940726.
2, 241970363
List the prime factors of 2518788.
2, 3, 17, 12347
What are the prime factors of 3060472977?
3, 12594539
List the prime factors of 76181290.
2, 5, 23, 14401
What are the prime factors of 570365748?
2, 3, 421, 37633
What are the prime factors of 588465938?
2, 11171, 26339
What are the prime factors of 5227396442?
2, 71, 36812651
What are the prime factors of 586452768?
2, 3, 11, 83, 6691
What are the prime factors of 88634949?
3, 13, 2272691
List the prime factors of 222755569.
5101, 43669
What are the prime factors of 3845087870?
2, 5, 13, 863, 34273
List the prime factors of 95939652.
2, 3, 7994971
List the prime factors of 4245190480.
2, 5, 43, 1234067
List the prime factors of 568345421.
7, 571, 142193
What are the prime factors of 3487212808?
2, 373, 1168637
What are the prime factors of 402387716?
2, 661, 152189
List the prime factors of 124398411.
3, 5231, 7927
What are the prime factors of 286269779?
31, 9234509
List the prime factors of 6488466690.
2, 3, 5, 1549, 139627
What are the prime factors of 3371298264?
2, 3, 73, 641419
List the prime factors of 3576903574.
2, 25301, 70687
What are the prime factors of 50498871?
3, 16832957
List the prime factors of 211181671.
211, 1000861
List the prime factors of 408376664.
2, 71, 718973
What are the prime factors of 94926721?
521, 182201
List the prime factors of 4695697195.
5, 7, 37, 79, 83
What are the prime factors of 12373785?
3, 5, 274973
What are the prime factors of 2433658656?
2, 3, 11, 13, 29, 6113
What are the prime factors of 1286111257?
1286111257
List the prime factors of 38197385.
5, 17, 449381
List the prime factors of 1155767106.
2, 3, 13, 2957, 5011
What are the prime factors of 63231137?
2417, 26161
What are the prime factors of 2443686659?
19139, 127681
What are the prime factors of 33474366?
2, 3, 1859687
List the prime factors of 75057194.
2, 37528597
List the prime factors of 52046248.
2, 17, 382693
List the prime factors of 42338138.
2, 37, 572137
What are the prime factors of 1431091696?
2, 293, 305267
What are the prime factors of 137325521?
19, 1021, 7079
What are the prime factors of 15207640?
2, 5, 7, 7759
List the prime factors of 100497411.
3, 7, 1595197
List the prime factors of 329989060.
2, 5, 3467, 4759
What are the prime factors of 8902261893?
3, 7, 423917233
List the prime factors of 114264577.
7, 593, 27527
What are the prime factors of 624672624?
2, 3, 67, 194239
List the prime factors of 2961144919.
2029, 1459411
List the prime factors of 3935700430.
2, 5, 17, 23, 787, 1279
What are the prime factors of 308107661?
41, 7514821
List the prime factors of 27121106.
2, 73, 431
List the prime factors of 1390448939.
11, 1723, 73363
List the prime factors of 107619221.
139, 774239
List the prime factors of 50111827.
59, 849353
List the prime factors of 1590824116.
2, 7, 29, 193, 10151
List the prime factors of 663813130.
2, 5, 59, 853, 1319
What are the prime factors of 26384473?
23, 149, 7699
What are the prime factors of 6237478063?
6237478063
List the prime factors of 174340174.
2, 587, 148501
What are the prime factors of 448118483?
448118483
What are the prime factors of 66065180?
2, 5, 3303259
What are the prime factors of 61389383?
11, 2309, 2417
List the prime factors of 189221245.
5, 37844249
List the prime factors of 2063885875.
5, 1493, 11059
List the prime factors of 1245615081.
3, 415205027
List the pr